umber?
False
Is 191564312143 a prime number?
True
Is 8930925841 composite?
False
Is 1895304263 a prime number?
False
Is 589029979 prime?
True
Is 643064143 composite?
False
Is 303142880593 a prime number?
False
Is 83376671 composite?
True
Is 16416353159 prime?
False
Is 1796650809 composite?
True
Is 44415178789 prime?
True
Is 3117508571 a prime number?
False
Is 1417184459 a composite number?
False
Is 5798057117 a prime number?
False
Is 8745648241 a composite number?
True
Is 1792370585 a prime number?
False
Is 34938902389 prime?
True
Is 105347773099 a prime number?
False
Is 1106710541 a composite number?
True
Is 407296147 prime?
False
Is 6122484581 a prime number?
False
Is 66967533077 composite?
False
Is 7632130949 prime?
False
Is 1920979319 prime?
False
Is 948085969 a prime number?
True
Is 99782314727 composite?
False
Is 863679119 a composite number?
False
Is 538300649 a composite number?
False
Is 44451041227 prime?
False
Is 170757267049 prime?
True
Is 6906812269 a prime number?
False
Is 36434539237 a composite number?
True
Is 242735281 a composite number?
True
Is 8604510521 a composite number?
True
Is 99550002397 a composite number?
False
Is 291342555979 prime?
True
Is 7037733341 a composite number?
False
Is 3081848153 a composite number?
True
Is 2007956474 composite?
True
Is 4780861817 a composite number?
True
Is 52501136203 a prime number?
False
Is 101312544349 prime?
False
Is 8358071243 a prime number?
True
Is 15109995389 a prime number?
True
Is 779025649 a composite number?
False
Is 8619324893 composite?
False
Is 58231393387 a prime number?
True
Is 2844294689 a prime number?
True
Is 640025173 a composite number?
False
Is 11286820547 a prime number?
True
Is 367161583 composite?
False
Is 1869227951 a composite number?
True
Is 2818676951 prime?
True
Is 4395543967 prime?
False
Is 1575202129 a composite number?
False
Is 1998083621 a composite number?
False
Is 239196517 composite?
True
Is 97799149447 composite?
False
Is 34363398469 composite?
True
Is 880040363 composite?
False
Is 2475909343 composite?
False
Is 1341311003 a prime number?
True
Is 138808781 a prime number?
False
Is 27571288733 a composite number?
True
Is 188817682379 composite?
True
Is 494419153 composite?
True
Is 3757538929 prime?
False
Is 392608759 prime?
True
Is 21384587299 prime?
False
Is 59644338227 a composite number?
False
Is 86974719283 a composite number?
False
Is 523841762 prime?
False
Is 348288841 prime?
False
Is 1947809146 prime?
False
Is 564832003 composite?
True
Is 58089088729 prime?
False
Is 112103947 a composite number?
True
Is 32811534289 prime?
True
Is 15855612169 a composite number?
False
Is 8825460041 a composite number?
False
Is 24493351853 a prime number?
False
Is 18221370143 prime?
True
Is 4184763459 composite?
True
Is 16998882235 composite?
True
Is 7377840347 a prime number?
True
Is 19532798581 a prime number?
False
Is 220224346 a composite number?
True
Is 23857181701 a prime number?
True
Is 28231661021 composite?
False
Is 74724516973 prime?
False
Is 1702846997 prime?
True
Is 5869069397 a prime number?
True
Is 2214415633 a prime number?
True
Is 2641822399 prime?
True
Is 226537783 a composite number?
True
Is 169276180439 a composite number?
True
Is 901807457 composite?
False
Is 3662164271 a prime number?
True
Is 93856394789 a composite number?
True
Is 46132501211 prime?
True
Is 313117957 a composite number?
False
Is 2064702971 a prime number?
False
Is 88853551 a prime number?
False
Is 58237939 composite?
False
Is 12647153003 prime?
False
Is 36911135309 a composite number?
False
Is 537813118 prime?
False
Is 2272728533 a composite number?
False
Is 274967419 composite?
False
Is 14301185727 prime?
False
Is 276738473 composite?
True
Is 26635722523 a composite number?
False
Is 69758875217 composite?
False
Is 2959397926 composite?
True
Is 1176047911 prime?
False
Is 3187237817 a composite number?
True
Is 264400858 composite?
True
Is 9461408003 prime?
True
Is 2327571529 composite?
False
Is 2781738553 composite?
True
Is 251445977 a composite number?
False
Is 63578074811 composite?
False
Is 21645741595 composite?
True
Is 3065590631 a composite number?
True
Is 1823609927 a composite number?
False
Is 8459184341 a composite number?
False
Is 1002688793 prime?
True
Is 355270579 prime?
False
Is 13266221 prime?
True
Is 15205695343 a composite number?
True
Is 15966999637 a prime number?
False
Is 15008965063 a composite number?
True
Is 987818137 prime?
True
Is 862518739 composite?
False
Is 58553490451 prime?
False
Is 2104047071 a prime number?
False
Is 22535718107 a prime number?
False
Is 1753407893 a composite number?
False
Is 7501084351 prime?
True
Is 23735507 a prime number?
False
Is 13074267169 a prime number?
True
Is 18901411 prime?
True
Is 119096399 a composite number?
True
Is 1928495857 a prime number?
True
Is 31013961367 prime?
False
Is 1418729929 a composite number?
True
Is 8082242503 composite?
True
Is 78479957 prime?
False
Is 317251471 prime?
False
Is 335110783103 a prime number?
False
Is 482370281 a composite number?
False
Is 3980927047 a composite number?
True
Is 7149785369 a prime number?
False
Is 9774298757 a prime number?
False
Is 1332439211 a prime number?
True
Is 4154462723 composite?
False
Is 23767132159 prime?
True
Is 1352216821 a prime number?
False
Is 55942343 a composite number?
True
Is 28243621871 prime?
False
Is 3301350677 composite?
True
Is 1049613442 prime?
False
Is 21960338973 prime?
False
Is 2250446389 a composite number?
False
Is 53979321211 prime?
True
Is 12441001399 a prime number?
True
Is 27829053471 prime?
False
Is 5187763871 a composite number?
False
Is 221902939 a prime number?
True
Is 84608063 a composite number?
True
Is 171639989 a composite number?
True
Is 154980695 prime?
False
Is 2435433541 a composite number?
False
Is 43278749 prime?
True
Is 805729213 a composite number?
True
Is 154981320653 prime?
True
Is 9794101081 a composite number?
True
Is 49613066483 prime?
False
Is 18752305901 composite?
True
Is 572812687 a prime number?
True
Is 34077811367 prime?
False
Is 627997193 a composite number?
False
Is 1852940251 a prime number?
True
Is 1144584523 prime?
False
Is 5497178783 a composite number?
True
Is 1289602927 a prime number?
False
Is 164943881 prime?
False
Is 1795306571 composite?
False
Is 91470469 a composite number?
False
Is 740404801 prime?
True
Is 301216987171 prime?
False
Is 76040506279 prime?
False
Is 697646633 composite?
False
Is 75514764457 a composite number?
True
Is 19808101127 a prime number?
True
Is 67890613 prime?
False
Is 5163487261 a composite number?
True
Is 15253892711 a composite number?
False
Is 11009915909 prime?
False
Is 31329207341 prime?
True
Is 29725987601 a prime number?
True
Is 1836563611 a composite number?
False
Is 28956973691 a composite number?
True
Is 2184814717 prime?
False
Is 1625510609 composite?
False
Is 1711842515 prime?
False
Is 127557293 composite?
True
Is 2492271029 prime?
True
Is 369219413297 a composite number?
True
Is 5917422023 a prime number?
True
Is 6833836853 a composite number?
True
Is 26774175427 a prime number?
False
Is 3460252921 a prime number?
True
Is 4079865689 a prime number?
False
Is 615124199 prime?
True
Is 446328461 a prime number?
True
Is 5998578953 a composite number?
False
Is 19711484957 a composite number?
False
Is 301517221 composite?
True
Is 359618353 a prime number?
True
Is 4045499897 composite?
False
Is 56290034181 a prime number?
False
Is 29711000477 composite?
False
Is 166618662253 composite?
False
Is 4930465037 a prime number?
False
Is 28660011763 prime?
True
Is 37290431 prime?
True
Is 397527391 prime?
False
Is 15458260487 prime?
False
Is 41481513091 a prime number?
False
Is 88157395721 composite?
False
Is 1053230309 a composite number?
False
Is 30969540313 composite?
False
Is 4883452246 a prime number?
False
Is 6104897321 prime?
False
Is 160380383 prime?
False
Is 4645532809 composite?
True
Is 2714903 a prime number?
True
Is 4888207403 a prime number?
False
Is 105922094407 prime?
True
Is 1769932531 prime?
True
Is 1076167633 composite?
False
Is 8886131357 a composite number?
True
Is 466209511 a composite number?
False
Is 36940550239 composite?
True
Is 1180344769 prime?
False
Is 2460055471 composite?
True
Is 4121886287 a prime number?
True
Is 1324087757 prime?
True
I